s 223 - 3510?
-3265
In base 5, what is -2140341 + 31210?
-2104131
In base 6, what is -504241 + 3003?
-501234
In base 5, what is -14024423 + -2011?
-14031434
In base 16, what is -40a71b + 9?
-40a712
In base 8, what is -320405 + -150?
-320555
In base 8, what is 2433 + -241602?
-237147
In base 2, what is -11 - -111110001101011100110100001?
111110001101011100110011110
In base 14, what is 4124 - -611a?
a240
In base 13, what is a410b655 + 5?
a410b65a
In base 4, what is 30212223113230 - 0?
30212223113230
In base 6, what is 5502 - 23250041?
-23240135
In base 9, what is 2606462 + 141?
2606613
In base 5, what is 142314142 + 0?
142314142
In base 15, what is 1e455ea + -2?
1e455e8
In base 2, what is 10 - 11000100000101110011001100?
-11000100000101110011001010
In base 16, what is -1016ee9 - 13?
-1016efc
In base 5, what is -4 + 23242123301?
23242123242
In base 2, what is -11110010111100100110011 - 10001?
-11110010111100101000100
In base 4, what is -230 - -103233000001?
103232333111
In base 15, what is 2 - cc9eab?
-cc9ea9
In base 10, what is -39313120 - 2?
-39313122
In base 3, what is 10 - -121210100110002?
121210100110012
In base 4, what is -1133112102110 + -1?
-1133112102111
In base 7, what is 1165121 - -23405?
1221526
In base 9, what is 3511 + -6824?
-3313
In base 13, what is 186 - -178c88?
179141
In base 5, what is -10 + 34430412221?
34430412211
In base 7, what is -113221 - -40036?
-43152
In base 12, what is -1266b5 + 38?
-126679
In base 2, what is 10111101100110011 + 10001010?
10111101110111101
In base 8, what is -274 + 1425542?
1425246
In base 16, what is -43d - 138ea?
-13d27
In base 2, what is 0 - 100111001010010011001111111?
-100111001010010011001111111
In base 4, what is 1 + 20212111012111?
20212111012112
In base 5, what is 2 + 40224402?
40224404
In base 9, what is -46 + -31384650?
-31384706
In base 10, what is -8 - 34607?
-34615
In base 8, what is -24301523 - 3?
-24301526
In base 10, what is 415 - 302664?
-302249
In base 2, what is 11111101100 - -1100011000?
101100000100
In base 11, what is -88a25a7 - -49?
-88a2559
In base 9, what is -11220 + -534?
-11754
In base 4, what is -21331 - -2121203?
2033212
In base 5, what is 44212001423 - 21?
44212001402
In base 8, what is 1053 + 1134175?
1135250
In base 7, what is -5626252 + -1130?
-5630412
In base 10, what is 143334 - -60?
143394
In base 8, what is -2 - 14653427?
-14653431
In base 10, what is 0 - -50317556?
50317556
In base 10, what is -2967644 + 154?
-2967490
In base 4, what is 203 - -11121231202?
11121232011
In base 9, what is 324728382 - 0?
324728382
In base 8, what is 57 - 2471655?
-2471576
In base 3, what is 22021110 + 11212?
22110022
In base 16, what is -11a - 315d5?
-316ef
In base 5, what is 21041004212 - 2?
21041004210
In base 7, what is -4030 - 143325?
-150355
In base 16, what is 405 - 21fcf?
-21bca
In base 14, what is c0b3039 - -4?
c0b303d
In base 6, what is 3 + 104121201?
104121204
In base 8, what is -241740352 - 5?
-241740357
In base 11, what is -1931 + -3905?
-5736
In base 15, what is 2426a - 80a?
23960
In base 10, what is 3 + 81682?
81685
In base 14, what is a348b62 + 3?
a348b65
In base 12, what is 3 - 60173a6?
-60173a3
In base 13, what is 613c - -76?
61b5
In base 11, what is -1090 - 33030?
-34110
In base 10, what is -14120 + -224?
-14344
In base 13, what is -ab44a - 4?
-ab451
In base 9, what is 12058652 + -2?
12058650
In base 10, what is 5 + -67962900?
-67962895
In base 5, what is 3030332002 + 4?
3030332011
In base 12, what is -4 + 26a8a0b?
26a8a07
In base 5, what is 103401431 + 3?
103401434
In base 11, what is 23 + -55291a?
-5528a7
In base 16, what is 1b57d3d - 4?
1b57d39
In base 11, what is -65814 + -6?
-6581a
In base 8, what is -225032335 - 6?
-225032343
In base 8, what is -11707644 - 213?
-11710057
In base 6, what is -1405 - 2034002?
-2035411
In base 12, what is -a07 - -3060?
2255
In base 5, what is -4432 + -1314403?
-1324340
In base 10, what is 1934641 + 69?
1934710
In base 8, what is 6 - 1515555?
-1515547
In base 8, what is -6 - 2131757?
-2131765
In base 9, what is -248733 + -115?
-248848
In base 7, what is 6624510 + -10120?
6614360
In base 12, what is 28 + -1992647?
-199261b
In base 10, what is -453 + -60142?
-60595
In base 12, what is 98764b - -3?
987652
In base 12, what is 2399 - -a1a?
31b7
In base 11, what is 3 - -430018?
430020
In base 3, what is 2012020002112011 - 1?
2012020002112010
In base 6, what is 22 - 1343335?
-1343313
In base 3, what is 100221122 - -10020211222?
10121210121
In base 11, what is 35592aa - -20?
355931a
In base 3, what is 112022111002211 - -21?
112022111010002
In base 5, what is -234132431 + -12?
-234132443
In base 13, what is -2 + -586c524?
-586c526
In base 5, what is 10032 - 2024344?
-2014312
In base 14, what is -1 + 487d603?
487d602
In base 11, what is -144744 + 1a2?
-144552
In base 15, what is 0 + 34e72a?
34e72a
In base 13, what is 12bb58 - 5c5?
12b563
In base 16, what is 1c28f7 + 3?
1c28fa
In base 10, what is -522157 + 29?
-522128
In base 11, what is 51372 + 26a?
51631
In base 11, what is -187795 + 587?
-187209
In base 4, what is -12113112 + 113023?
-12000023
In base 16, what is -4 + -74abcfc?
-74abd00
In base 10, what is 33 + -376485?
-376452
In base 10, what is -315254780 - -5?
-315254775
In base 13, what is 23c - -1a48?
1c87
In base 7, what is -2 - -424051606?
424051604
In base 8, what is 1405265 + -115?
1405150
In base 16, what is 9eba + 52?
9f0c
In base 3, what is 1202021210012 + 121100?
1202022101112
In base 3, what is 1 + 120001110210?
120001110211
In base 16, what is -2f3 + -b7b3?
-baa6
In base 16, what is -2cf3c - 6d?
-2cfa9
In base 6, what is 2121325111 + 5?
2121325120
In base 8, what is 1011 - -127442?
130453
In base 6, what is -3034 - 11341?
-14415
In base 12, what is -13a7810 - -10?
-13a7800
In base 3, what is 2202222102200021122 - -10?
2202222102200021202
In base 13, what is 15c3807 + -57?
15c3780
In base 5, what is -14000200 - -1032?
-13444113
In base 4, what is -120132 - 30323231?
-31110023
In base 13, what is 1 + -63b2199?
-63b2198
In base 4, what is -33 - 131023021020?
-131023021113
In base 16, what is 1c072ee + 0?
1c072ee
In base 13, what is 984b - -b894?
18412
In base 9, what is -7743548 + -5?
-7743554
In base 16, what is -ccdd - 149?
-ce26
In base 9, what is 1 - 12032104?
-12032103
In base 12, what is -858 - 1576a?
-16406
In base 4, what is 2 + 103112000230?
103112000232
In base 12, what is -212 + 7096a?
70758
In base 11, what is -77 + -1471a5?
-147271
In base 15, what is -8e77ab0 + 1?
-8e77aae
In base 13, what is 4 - 2a332ac?
-2a332a8
In base 4, what is -101221 - -322130?
220303
In base 14, what is 0 - d87d?
-d87d
In base 16, what is c + -1761ce7?
-1761cdb
In base 12, what is 12 - -45b206?
45b218
In base 4, what is -23 - -10013200301?
10013200212
In base 2, what is 11000110010011010010 - 1100000000?
11000110000111010010
In base 6, what is 2054435 + 23534?
2122413
In base 15, what is -3 + 7a286?
7a283
In base 15, what is 16e + 40709?
40878
In base 11, what is 3 + -61aaa4?
-61aaa1
In base 2, what is 101 + 100011001000110010000?
100011001000110010101
In base 14, what is -2 + d3577b6?
d3577b4
In base 5, what is 1103200 - 4043?
1044102
In base 11, what is -5888 + 30aa5?
26218
In base 10, what is -1446 - 4479?
-5925
In base 11, what is -1602aa11 + -3?
-1602aa14
In base 7, what is -152055530 - -10?
-152055520
In base 5, what is 4111424 - -344?
4112323
In base 2, what is -10011111011011110011011 - 10001?
-10011111011011110101100
In base 2, what is 11111001110111 - 111?
11111001110000
In base 7, what is 3 + 1143222142?
1143222145
In base 11, what is 203 - 25674?
-25471
In base 5, what is 104430 - 304102?
-144122
In base 12, what is 15052661 + 2?
15052663
In base 3, what is -2022222202002021 + -2?
-2022222202002100
In base 4, what is 101 + 222031300323?
222031301030
In base 7, what is -6223 + 4156?
-2034
In base 8, what is -204150054 - 51?
-204150125
In base 15, what is 1edb2 + -1d3?
1ebce
In base 2, what is -100001001111111101010001 + -100?
-100001001111111101010101
In base 11, what is 972a + -118?
9612
In base 10, what is -27530 - -2421?
-25109
In base 13, what is -967042 + -5?
-967047
In base 15, what is 29 + -1067dc?
-1067b3
In base 4, what is 3110323 - -200011?
3311000
In base 9, what is 24438881 + 5?
24438886
In base 14, what is 